q be y(x). Is 2 - (268/q - -2) composite?
True
Suppose 42 = -0*s + 6*s. Suppose -4*f - 531 = -s*f. Is f prime?
False
Let o = 61 + 12. Let r be 162/15 - 2/(-10). Let a = o - r. Is a a composite number?
True
Suppose 2*c = -4*n + 7 + 15, -c + 5 = 0. Suppose -n*z = 0, -10 = -4*x + z - 62. Let g = 18 - x. Is g composite?
False
Let j = -7549 - -11067. Is j a composite number?
True
Let k(f) = -f**2 - 7*f - 1. Let w be k(-6). Suppose -858 = w*t - 2843. Is t prime?
True
Let y = 11651 - 6444. Is y a prime number?
False
Let i(c) = 17*c - 4. Let p(u) = -799*u + 187. Let d(o) = -187*i(o) - 4*p(o). Is d(11) a composite number?
True
Let x = 17890 + 6865. Is x a prime number?
False
Suppose 3*r - 50 - 85 = 0. Let l be ((-33)/6)/((-12)/8)*-3. Let w = l + r. Is w a composite number?
True
Let n = -901 + 1735. Suppose h = n - 291. Let r = h - 281. Is r a composite number?
True
Let f = 46431 - 17632. Is f a prime number?
False
Suppose -5*f + 3*n - 5275 = 0, -f + 4*n - 763 = 309. Let x = 1479 + f. Is x a composite number?
True
Suppose o + 5*s = 0, -2*o + 2*s - 4*s = 24. Is (-1)/5 + 4 + (-1668)/o composite?
True
Let k = 41 + -25. Let u = -12 + k. Suppose -q - 2*h = h - 49, 4*h - 212 = -u*q. Is q prime?
False
Suppose 0 = -4*b - 3*a + 2 - 41, 0 = 2*a + 2. Let u be b/12 + (-366)/(-8). Is (-3)/(u/6)*-185 a prime number?
False
Let a(g) = 21*g**2 - 10 - 7 + 4*g + 19. Is a(3) composite?
True
Suppose f - 2*p = -p + 7367, 5*f = 4*p + 36840. Suppose -6*t + 10*t - f = 0. Is t a composite number?
True
Let a = 707 + 654. Is a a composite number?
False
Is 80/(-100)*(-27410)/4 composite?
True
Let b = 6 - 10. Let s be (-24)/b - 2/(-1). Is 86/4 - 4/s a prime number?
False
Is 2/(-10) - (-382096)/130 composite?
False
Suppose -5*d + 0*d + 20 = 0. Suppose 5*y - 5 = -5*l + 20, -d*y - 20 = -4*l. Suppose -3*f - 346 = -l*t + 1301, -1631 = -5*t - f. Is t a prime number?
False
Suppose 5842 + 19878 = 5*y + 3*x, 5*x - 25 = 0. Is y composite?
True
Let p(q) = q**2 - 4*q - 1. Let l = -18 + 28. Is p(l) prime?
True
Suppose 4*s + 0*s - 36 = -5*z, 4*s = 4*z. Suppose 0 = s*h - 0*h. Let j(d) = d**2 - d + 121. Is j(h) a prime number?
False
Let o(m) = m**3 - 7*m**2 - 9*m + 9. Let r be o(8). Let n be r/(-5) + (-80)/(-25). Is 2/n*195/2 a composite number?
True
Let v(h) = 11*h + 2. Let b be v(-1). Let z be ((-146)/(-6) + 0)*b. Is (1 + z)/(0 - 2) a prime number?
True
Let v = 1 - 2. Is v/((-2800)/(-935) + -3) a composite number?
True
Suppose 9*n - 22339 = -5770. Is n composite?
True
Let k(s) be the second derivative of 53*s**4/8 - s**3/6 - 3*s**2 - 10*s. Let g(c) be the first derivative of k(c). Is g(1) a prime number?
False
Let y(p) = 3125*p**3 - 4*p**2 + 7*p - 9. Is y(2) a composite number?
False
Let c = 7 + -10. Let x(s) = 21*s**2 + 20*s**2 + 4*s + 30*s**2 + 4 + 0*s. Is x(c) composite?
False
Suppose -2*y - 2*y = -4*o + 4, 0 = 2*o + 5*y + 19. Let s = o + 2. Suppose s = 2*u + 62 - 388. Is u a prime number?
True
Let u be (-2236)/16 - (-1)/(-4). Let g be (u/6)/(6/(-63)). Suppose g = 3*c + 2*c. Is c composite?
True
Let y(h) = 2*h**3 - h**2 - h + 6. Let a be y(-3). Let f = 319 - a. Is f a prime number?
True
Suppose 4565 + 5987 = 8*j. Is j prime?
True
Let p(u) be the second derivative of -u**4/12 - 5*u**3/3 - 6*u**2 + 4*u. Let g be p(-8). Suppose 31 = 5*m - g. Is m prime?
True
Let g = -17 + 22. Suppose g*f - 2576 = f + 3*y, 0 = 5*y - 20. Is f prime?
True
Suppose 2*w = i + 2, 2*w = 3*w + 5*i - 23. Suppose w - 1 = t. Suppose t*m - 1054 = -0*m. Is m a composite number?
True
Suppose 0 = -5*c - k + 129444, 5*k - 12579 = -c + 13305. Is c prime?
True
Let w(v) = 337*v**3 + 6*v**2 - 6*v - 1. Let r = -37 - -39. Is w(r) composite?
False
Let f(w) = -w**2 + 7*w + 3. Let j be f(7). Let g = j + -39. Is (-2)/9 + (-4580)/g a prime number?
True
Suppose 507 + 161 = 4*d. Let m = d + 584. Is m prime?
True
Let r(w) = -269*w + 59. Is r(-10) a composite number?
False
Suppose -3*a = -21*f + 25*f - 31598, 0 = 4*a + 8. Is f composite?
False
Suppose -20 = 2*f - 6. Let w be (f/(-3))/((-2)/6). Let r = 29 + w. Is r prime?
False
Let c(g) = -g**3 + 28*g**2 - 7*g + 11. Is c(27) a prime number?
False
Let a = 12080 - 7021. Is a a prime number?
True
Let v = 13 - 11. Let o(i) = 2*i**v + 5*i**2 + 3*i**2. Is o(-1) prime?
False
Suppose 24582 = -38*c + 1298684. Is c a prime number?
True
Let l(c) = 3*c**2 - 8*c + 2. Let p be l(3). Suppose 10 = p*i, 2*d + 0*d - 5000 = -5*i. Is d prime?
False
Suppose -y + 4 = 0, 2*c = -2*y + 4 + 10. Suppose c*i - 15*i + 13956 = 0. Is i prime?
True
Let o be ((-12)/(-18))/((-2)/18). Let a be (202/o)/(4/(-12)). Suppose -2*n + 4*t = -114, t - a = -4*n + 100. Is n a prime number?
False
Is (11/(22/5))/(10/590468) composite?
False
Let n(o) = o**3 + 38*o**2 - 4. Is n(-11) a composite number?
True
Suppose 0 = -35*m + 156524 + 64991. Is m a prime number?
True
Is ((-21)/(-21))/(3*(-2)/(-1110)) a composite number?
True
Let u(z) = 14*z**2 + 2*z + 3 + 2*z**2 - 8*z**2. Is u(6) a composite number?
True
Suppose -s + 31*a - 35*a + 13817 = 0, -s + 4*a + 13841 = 0. Is s prime?
True
Let d = -3498 + 7375. Is d composite?
False
Suppose 9*l + 193042 = 1153279. Is l composite?
False
Is (40182/18)/((-4)/(-12)) a prime number?
False
Is (-9)/((-45)/2455)*1 composite?
False
Suppose 11 - 8 = f, -f = -4*p + 30617. Is p prime?
False
Let m(q) = q**3 - 6*q**2 - 5*q - 10. Let l be m(7). Suppose l*v = -4*h + 7*v + 60, 3*v + 15 = h. Is h a prime number?
False
Let u be (-4 - -7)*(-14)/(-6). Is 0 + 0 - (u - 2 - 1826) a composite number?
True
Let c(q) = 5968*q**2 + 1. Is c(-1) prime?
False
Suppose -2*s + 12 = -2*g, -1 = 4*s + 3*g + 3. Suppose -s*q + 1769 = -3*r, 3*q + 3*r - 2232 = 444. Is q a prime number?
False
Suppose 3*p - 3*h = 5*p - 2997, -1495 = -p + 2*h. Let g = p - 38. Is g composite?
False
Suppose -3*j - 999 = -0*j. Let m be 487 - -2*10/4*-1. Let b = m + j. Is b a prime number?
True
Suppose -7*y + 3*y + 2*m + 113586 = 0, 0 = 2*y - 4*m - 56778. Is y/63 + (-2)/(-9) prime?
False
Let w be 1 - 0 - (-10 - -13). Let v be -2*(w - (-15)/(-6)). Let r = 44 + v. Is r prime?
True
Let i(u) = -404*u + 9. Is i(-13) a prime number?
True
Let q(t) be the third derivative of t**4/24 + 5*t**3/2 + 9*t**2. Let c be q(-10). Suppose -c*m = -m - 940. Is m composite?
True
Suppose 5 + 627 = 2*c. Suppose 124*i - 131*i = -854. Let x = c - i. Is x a composite number?
True
Let d be (-3 - (-6 + 2))*5. Suppose -d*q + 76 = 4*n, -q = -5*q. Is n a composite number?
False
Let l = 12962 + 8931. Is l a composite number?
False
Suppose 13*h + 600 = 2485. Let r = h + -2. Is r composite?
True
Let s(r) = r + 4. Let m be s(-8). Let n be 4 - m*2/(-8). Suppose -2*g + n*g = 206. Is g a composite number?
True
Let a = 68 + -158. Let p be 1*a/(3 - 5). Is (8*p)/3 - -3 prime?
False
Suppose 2*i - 4*i + 10 = 0. Suppose 30 = 3*l - 3*q, 3*q = i*l - 20 - 24. Is (1 - 2) + l*2 a composite number?
False
Suppose -5*c - 225 = 5*f, -2*f + 5 = 3*f. Let h = c - -169. Let u = -12 + h. Is u composite?
True
Let p be (4 + 2)*(-27)/6. Let j = p + 25. Let a(d) = -d**3 - d**2 - 5*d - 5. Is a(j) prime?
False
Let q = 74509 + -40716. Is q a composite number?
True
Let q(k) = 22*k - 2. Let a(n) = -23*n + 3. Let b(v) = 4*a(v) + 5*q(v). Let t be (-7)/(-2) - 1/(-2). Is b(t) a composite number?
True
Suppose -14*a - 883 = -15*a. Let k = a + -470. Is k composite?
True
Let j = 4139 - 2932. Is j composite?
True
Let u = 148 + 2805. Is u prime?
True
Let b = -623 + 1252. Is b composite?
True
Is 34/(-187) - (-50274)/22 a prime number?
False
Let g(w) = -w**3 - 8*w**2 - 6*w + 5. Let c be g(-7). Is (4/c + 1)*-853 a composite number?
False
Let y be (0 + -8)*(-1)/2. Suppose -y*d + 363 = -d - 2*a, 589 = 5*d + 2*a. Is d a prime number?
False
Let n(p) = 5*p + 2. Let a(q) = -6*q - 2. Let r(d) = 6*a(d) + 5*n(d). Suppose s + 30 = -s. Is r(s) composite?
False
Let u(o) = 61*o + 1. Let r(f) = f**3 + 9*f**2 + f + 11. Let w be r(-9). Is u(w) a prime number?
False
Suppose -h + 2569 = -0*h. Is h a prime number?
False
Let q(v) = v + 1. Let z be q(-1). Suppose j + 4 - 26 = z. Is j composite?
True
Let h = -2665 + 4496. Is h a composite number?
False
Let d(b) = -2*b**3. Let w be d(1). Let j be 1 - 1 - (w - 0). Suppose 5*k = -4*x + 7, -j*x + 11 = 7*k - 2*k. Is k prime?
True
Let v(w) = -w**3 - 4*w**2 - w + 3. Let i be v(-4). Suppose 0 = -2*z + 4*n + 6, z - 2*n + i